{"id":723,"date":"2019-08-26T16:25:51","date_gmt":"2019-08-26T16:25:51","guid":{"rendered":"https:\/\/aikido-mosbach.com\/?page_id=723"},"modified":"2019-08-26T16:30:03","modified_gmt":"2019-08-26T16:30:03","slug":"juli-2019","status":"publish","type":"page","link":"https:\/\/aikido-mosbach.com\/?page_id=723","title":{"rendered":"Juli 2019"},"content":{"rendered":"<p>[et_pb_section bb_built=&#8220;1&#8243; specialty=&#8220;off&#8220; next_background_color=&#8220;#ffffff&#8220; _builder_version=&#8220;3.17.6&#8243; background_image=&#8220;http:\/\/aikido-mosbach.com\/wp-content\/uploads\/2018\/11\/zengarten9_7.jpg&#8220; background_size=&#8220;contain&#8220; custom_margin=&#8220;0px|||&#8220;][et_pb_row _builder_version=&#8220;3.17.6&#8243; make_equal=&#8220;on&#8220; custom_margin=&#8220;0px|||&#8220;][et_pb_column type=&#8220;4_4&#8243;][et_pb_divider _builder_version=&#8220;3.17.6&#8243; show_divider=&#8220;off&#8220; height=&#8220;0px&#8220; \/][\/et_pb_column][\/et_pb_row][\/et_pb_section][et_pb_section bb_built=&#8220;1&#8243; specialty=&#8220;on&#8220; prev_background_color=&#8220;#000000&#8243; _builder_version=&#8220;3.17.6&#8243; make_fullwidth=&#8220;on&#8220; inner_shadow=&#8220;on&#8220; custom_margin=&#8220;-30px|||&#8220;][et_pb_column type=&#8220;1_2&#8243;][et_pb_text _builder_version=&#8220;3.17.6&#8243; text_line_height=&#8220;1em&#8220; header_font_size=&#8220;28px&#8220; text_font_size=&#8220;28px&#8220; custom_margin=&#8220;-40px|||&#8220; text_font=&#8220;Arial||||||||&#8220;]<\/p>\n<p><span style=\"color: #f70505;\"><strong>Juli 2019 <\/strong><\/span><\/p>\n<p>[\/et_pb_text][et_pb_text _builder_version=&#8220;3.17.6&#8243; custom_margin=&#8220;-20px|||&#8220; text_font=&#8220;Arial||||||||&#8220;]<\/p>\n<p>G\u00fcrtelpr\u00fcfungen beim Aikido Mosbach e.V.<\/p>\n<p>W\u00e4hrend des Abschlusstrainings vor den Sommerferien legten Michael Janssen und Martin J\u00e4ger nach gr\u00fcndlicher Vorbereitung die Pr\u00fcfung zum n\u00e4chsth\u00f6heren Sch\u00fclergrad ab. Die  gezeigten Leistungen in den Bereichen Roll- und Fallschule, Hebel- und Wurftechniken sowie Grundformen mit Stab und Schwert konnten absolut \u00fcberzeugen, so dass den beiden Aikidoka von Dojoleiter Andreas Herda (2. dan) der 3. kyu (Gr\u00fcngurt) verliehen wurde.<br \/>\nDer Trainingsbetrieb beginnt nach der Sommerpause wieder am Mittwoch, den 11.09.2019 um 20:00 Uhr in der kleinen Sporthalle der M\u00fcller-Guttenbrunn-Schule in Mosbach. Interessenten sind jederzeit zu einem kostenlosen Probetraining willkommen. Im Aikido gibt es keinen Wettstreit;  es ist daher auch ideal f\u00fcr alle geeignet, die fr\u00fcher Kampfsport betrieben haben, keine Wettk\u00e4mpfe mehr absolvieren, aber wieder etwas in die Richtung beginnen m\u00f6chten.<br \/>\nWeitere Informationen auf aikido-mosbach.de .\n<\/p>\n<p>[\/et_pb_text][\/et_pb_column][et_pb_column type=&#8220;1_2&#8243; specialty_columns=&#8220;3&#8243;][et_pb_row_inner admin_label=&#8220;Zeile&#8220; _builder_version=&#8220;3.17.6&#8243; custom_margin=&#8220;-40px||-30px|0px&#8220; use_custom_gutter=&#8220;on&#8220; gutter_width=&#8220;1&#8243; make_equal=&#8220;on&#8220; hover_transition_duration=&#8220;50ms&#8220; animation_style=&#8220;fold&#8220;][et_pb_column_inner type=&#8220;4_4&#8243; saved_specialty_column_type=&#8220;1_2&#8243;][et_pb_image _builder_version=&#8220;3.17.6&#8243; src=&#8220;https:\/\/aikido-mosbach.com\/wp-content\/uploads\/2019\/08\/juli2019.jpg&#8220; custom_margin=&#8220;1px|1px|1px|1px&#8220; align=&#8220;center&#8220; show_in_lightbox=&#8220;on&#8220; force_fullwidth=&#8220;on&#8220; \/][\/et_pb_column_inner][\/et_pb_row_inner][\/et_pb_column][\/et_pb_section]<\/p>\n","protected":false},"excerpt":{"rendered":"<p>[et_pb_section bb_built=&#8220;1&#8243; specialty=&#8220;off&#8220; next_background_color=&#8220;#ffffff&#8220; _builder_version=&#8220;3.17.6&#8243; background_image=&#8220;http:\/\/aikido-mosbach.com\/wp-content\/uploads\/2018\/11\/zengarten9_7.jpg&#8220; background_size=&#8220;contain&#8220; custom_margin=&#8220;0px|||&#8220;][et_pb_row _builder_version=&#8220;3.17.6&#8243; make_equal=&#8220;on&#8220; custom_margin=&#8220;0px|||&#8220;][et_pb_column type=&#8220;4_4&#8243;][et_pb_divider _builder_version=&#8220;3.17.6&#8243; show_divider=&#8220;off&#8220; height=&#8220;0px&#8220; \/][\/et_pb_column][\/et_pb_row][\/et_pb_section][et_pb_section bb_built=&#8220;1&#8243; specialty=&#8220;on&#8220; prev_background_color=&#8220;#000000&#8243; _builder_version=&#8220;3.17.6&#8243; make_fullwidth=&#8220;on&#8220; inner_shadow=&#8220;on&#8220; custom_margin=&#8220;-30px|||&#8220;][et_pb_column type=&#8220;1_2&#8243;][et_pb_text _builder_version=&#8220;3.17.6&#8243; text_line_height=&#8220;1em&#8220; header_font_size=&#8220;28px&#8220; text_font_size=&#8220;28px&#8220; custom_margin=&#8220;-40px|||&#8220; text_font=&#8220;Arial||||||||&#8220;] Juli 2019 [\/et_pb_text][et_pb_text _builder_version=&#8220;3.17.6&#8243; custom_margin=&#8220;-20px|||&#8220; text_font=&#8220;Arial||||||||&#8220;] G\u00fcrtelpr\u00fcfungen beim Aikido Mosbach e.V. W\u00e4hrend des Abschlusstrainings vor den Sommerferien legten Michael Janssen und Martin J\u00e4ger nach gr\u00fcndlicher [&hellip;]<\/p>\n","protected":false},"author":1,"featured_media":0,"parent":0,"menu_order":0,"comment_status":"closed","ping_status":"closed","template":"","meta":{"footnotes":""},"class_list":["post-723","page","type-page","status-publish","hentry"],"_links":{"self":[{"href":"https:\/\/aikido-mosbach.com\/index.php?rest_route=\/wp\/v2\/pages\/723","targetHints":{"allow":["GET"]}}],"collection":[{"href":"https:\/\/aikido-mosbach.com\/index.php?rest_route=\/wp\/v2\/pages"}],"about":[{"href":"https:\/\/aikido-mosbach.com\/index.php?rest_route=\/wp\/v2\/types\/page"}],"author":[{"embeddable":true,"href":"https:\/\/aikido-mosbach.com\/index.php?rest_route=\/wp\/v2\/users\/1"}],"replies":[{"embeddable":true,"href":"https:\/\/aikido-mosbach.com\/index.php?rest_route=%2Fwp%2Fv2%2Fcomments&post=723"}],"version-history":[{"count":3,"href":"https:\/\/aikido-mosbach.com\/index.php?rest_route=\/wp\/v2\/pages\/723\/revisions"}],"predecessor-version":[{"id":728,"href":"https:\/\/aikido-mosbach.com\/index.php?rest_route=\/wp\/v2\/pages\/723\/revisions\/728"}],"wp:attachment":[{"href":"https:\/\/aikido-mosbach.com\/index.php?rest_route=%2Fwp%2Fv2%2Fmedia&parent=723"}],"curies":[{"name":"wp","href":"https:\/\/api.w.org\/{rel}","templated":true}]}}

<p>[et_pb_section bb_built=&#8220;1&#8243; specialty=&#8220;off&#8220; next_background_color=&#8220;#ffffff&#8220; _builder_version=&#8220;3.17.6&#8243; background_image=&#8220;http://aikido-mosbach.com/wp-content/uploads/2018/11/zengarten9_7.jpg&#8220; background_size=&#8220;contain&#8220; custom_margin=&#8220;0px|||&#8220;][et_pb_row _builder_version=&#8220;3.17.6&#8243; make_equal=&#8220;on&#8220; custom_margin=&#8220;0px|||&#8220;][et_pb_column type=&#8220;4_4&#8243;][et_pb_divider _builder_version=&#8220;3.17.6&#8243; show_divider=&#8220;off&#8220; height=&#8220;0px&#8220; /][/et_pb_column][/et_pb_row][/et_pb_section][et_pb_section bb_built=&#8220;1&#8243; specialty=&#8220;on&#8220; prev_background_color=&#8220;#000000&#8243; _builder_version=&#8220;3.17.6&#8243; make_fullwidth=&#8220;on&#8220; inner_shadow=&#8220;on&#8220; custom_margin=&#8220;-30px|||&#8220;][et_pb_column type=&#8220;1_2&#8243;][et_pb_text _builder_version=&#8220;3.17.6&#8243; text_line_height=&#8220;1em&#8220; header_font_size=&#8220;28px&#8220; text_font_size=&#8220;28px&#8220; custom_margin=&#8220;-40px|||&#8220; text_font=&#8220;Arial||||||||&#8220;]</p>
<p><span style="color: #f70505;"><strong>Juli 2019 </strong></span></p>
<p>[/et_pb_text][et_pb_text _builder_version=&#8220;3.17.6&#8243; custom_margin=&#8220;-20px|||&#8220; text_font=&#8220;Arial||||||||&#8220;]</p>
<p>Gürtelprüfungen beim Aikido Mosbach e.V.</p>
<p>Während des Abschlusstrainings vor den Sommerferien legten Michael Janssen und Martin Jäger nach gründlicher Vorbereitung die Prüfung zum nächsthöheren Schülergrad ab. Die  gezeigten Leistungen in den Bereichen Roll- und Fallschule, Hebel- und Wurftechniken sowie Grundformen mit Stab und Schwert konnten absolut überzeugen, so dass den beiden Aikidoka von Dojoleiter Andreas Herda (2. dan) der 3. kyu (Grüngurt) verliehen wurde.<br />
Der Trainingsbetrieb beginnt nach der Sommerpause wieder am Mittwoch, den 11.09.2019 um 20:00 Uhr in der kleinen Sporthalle der Müller-Guttenbrunn-Schule in Mosbach. Interessenten sind jederzeit zu einem kostenlosen Probetraining willkommen. Im Aikido gibt es keinen Wettstreit;  es ist daher auch ideal für alle geeignet, die früher Kampfsport betrieben haben, keine Wettkämpfe mehr absolvieren, aber wieder etwas in die Richtung beginnen möchten.<br />
Weitere Informationen auf aikido-mosbach.de .
</p>
<p>[/et_pb_text][/et_pb_column][et_pb_column type=&#8220;1_2&#8243; specialty_columns=&#8220;3&#8243;][et_pb_row_inner admin_label=&#8220;Zeile&#8220; _builder_version=&#8220;3.17.6&#8243; custom_margin=&#8220;-40px||-30px|0px&#8220; use_custom_gutter=&#8220;on&#8220; gutter_width=&#8220;1&#8243; make_equal=&#8220;on&#8220; hover_transition_duration=&#8220;50ms&#8220; animation_style=&#8220;fold&#8220;][et_pb_column_inner type=&#8220;4_4&#8243; saved_specialty_column_type=&#8220;1_2&#8243;][et_pb_image _builder_version=&#8220;3.17.6&#8243; src=&#8220;https://aikido-mosbach.com/wp-content/uploads/2019/08/juli2019.jpg&#8220; custom_margin=&#8220;1px|1px|1px|1px&#8220; align=&#8220;center&#8220; show_in_lightbox=&#8220;on&#8220; force_fullwidth=&#8220;on&#8220; /][/et_pb_column_inner][/et_pb_row_inner][/et_pb_column][/et_pb_section]</p>

<p>[et_pb_section bb_built=&#8220;1&#8243; specialty=&#8220;off&#8220; next_background_color=&#8220;#ffffff&#8220; _builder_version=&#8220;3.17.6&#8243; background_image=&#8220;http://aikido-mosbach.com/wp-content/uploads/2018/11/zengarten9_7.jpg&#8220; background_size=&#8220;contain&#8220; custom_margin=&#8220;0px|||&#8220;][et_pb_row _builder_version=&#8220;3.17.6&#8243; make_equal=&#8220;on&#8220; custom_margin=&#8220;0px|||&#8220;][et_pb_column type=&#8220;4_4&#8243;][et_pb_divider _builder_version=&#8220;3.17.6&#8243; show_divider=&#8220;off&#8220; height=&#8220;0px&#8220; /][/et_pb_column][/et_pb_row][/et_pb_section][et_pb_section bb_built=&#8220;1&#8243; specialty=&#8220;on&#8220; prev_background_color=&#8220;#000000&#8243; _builder_version=&#8220;3.17.6&#8243; make_fullwidth=&#8220;on&#8220; inner_shadow=&#8220;on&#8220; custom_margin=&#8220;-30px|||&#8220;][et_pb_column type=&#8220;1_2&#8243;][et_pb_text _builder_version=&#8220;3.17.6&#8243; text_line_height=&#8220;1em&#8220; header_font_size=&#8220;28px&#8220; text_font_size=&#8220;28px&#8220; custom_margin=&#8220;-40px|||&#8220; text_font=&#8220;Arial||||||||&#8220;] Juli 2019 [/et_pb_text][et_pb_text _builder_version=&#8220;3.17.6&#8243; custom_margin=&#8220;-20px|||&#8220; text_font=&#8220;Arial||||||||&#8220;] Gürtelprüfungen beim Aikido Mosbach e.V. Während des Abschlusstrainings vor den Sommerferien legten Michael Janssen und Martin Jäger nach gründlicher [&hellip;]</p>
